{"id":1496,"date":"2020-07-22T19:14:08","date_gmt":"2020-07-22T19:14:08","guid":{"rendered":"https:\/\/www.atuelpasteleria.com\/empresas\/?page_id=1496"},"modified":"2024-11-22T12:34:38","modified_gmt":"2024-11-22T11:34:38","slug":"politica-de-privacidad","status":"publish","type":"page","link":"https:\/\/www.atuelpasteleria.com\/empresas\/politica-de-privacidad\/","title":{"rendered":"Pol\u00edtica de privacidad"},"content":{"rendered":"<p>[vc_row content_layout=\u00bbboxed\u00bb equal_height=\u00bb\u00bb animation_delay=\u00bb\u00bb disable=\u00bb\u00bb id=\u00bb\u00bb class=\u00bb\u00bb bg_type=\u00bbimage\u00bb bg_image=\u00bb\u00bb color_overlay=\u00bb\u00bb enable_parallax=\u00bb\u00bb enable_pattern=\u00bb\u00bb][vc_column layout=\u00bbnormal\u00bb vertical_align=\u00bbauto\u00bb animation_delay=\u00bb\u00bb]\t\t<header class=\"vu_heading vu_h-style-1 vu_h-alignment-left\">\r\n\t\t\t\r\n\t\t\t<h2 class=\"vu_h-heading m-b-0\"><span>POL\u00cdTICA DE PRIVACIDAD<\/span><\/h2>\r\n\r\n\t\t\t\t\t<\/header>\r\n\t[vc_column_text]EL CA\u00d1ON DE ATUEL S.L., Responsable del tratamiento de sus datos de car\u00e1cter personal, le informa conforme a lo previsto en el RGPD y la LOPDGDD que recaba y trata sus datos de car\u00e1cter personal, aplicando las medidas t\u00e9cnicas y organizativas que establece el presente Reglamento con la finalidad de gestionar la relaci\u00f3n que le vincula con el Responsable, as\u00ed como poder remitirle cualquier tipo de comunicaci\u00f3n a trav\u00e9s de los medios designados al efecto. Usted da, como titular de sus datos, su consentimiento y autorizaci\u00f3n para dicho tratamiento. Podr\u00e1 ejercitar los derechos de acceso, rectificaci\u00f3n, supresi\u00f3n, limitaci\u00f3n, portabilidad y oposici\u00f3n dirigi\u00e9ndose al Responsable con direcci\u00f3n AVDA DE LAS MORERAS N\u00ba42, MAJADAHONDA, 28221, MADRID, o enviando un correo a la direcci\u00f3n <a href=\"mailto:INFO@ATUELPASTELERIA.COM\">INFO@ATUELPASTELERIA.COM<\/a>.<\/p>\n<p>Los datos recabados a trav\u00e9s de los formularios de recogida de datos del sitio web u otras v\u00edas ser\u00e1n incorporados a un fichero de datos de car\u00e1cter personal debidamente inscrito en el Registro General de Protecci\u00f3n de Datos de la Agencia Espa\u00f1ola de Protecci\u00f3n de Datos, del cual es responsable EL PROPIETARIO DE LA WEB.<\/p>\n<p>Esta entidad tratar\u00e1 los datos de forma confidencial y exclusivamente con la finalidad de ofrecer los servicios solicitados, con todas las garant\u00edas legales y de seguridad que impone la Ley Org\u00e1nica 15\/1999, de 13 de diciembre, de Protecci\u00f3n de Datos de Car\u00e1cter Personal, el Real Decreto 1720\/2007, de 21 de diciembre y la Ley 34\/2002, de 11 de julio, de Servicios de la Sociedad de la Informaci\u00f3n y Comercio Electr\u00f3nico.<\/p>\n<p>EL PROPIETARIO DE LA WEB se compromete a no ceder, vender, ni compartir los datos con terceros sin su aprobaci\u00f3n expresa. Asimismo, EL CA\u00d1ON DE ATUEL, S.L. cancelar\u00e1 o rectificar\u00e1 los datos cuando resulten inexactos, incompletos o hayan dejado de ser necesarios o pertinentes para su finalidad, de conformidad con lo previsto en la Ley Org\u00e1nica 15\/1999, de 13 de diciembre, de Protecci\u00f3n de Datos de Car\u00e1cter Personal.<\/p>\n<p>El usuario podr\u00e1 revocar el consentimiento prestado y ejercer los derechos de acceso, rectificaci\u00f3n, cancelaci\u00f3n y oposici\u00f3n dirigi\u00e9ndose a tal efecto al domicilio social de EL CA\u00d1ON DE ATUEL, S.L., sito en AV. DE LAS MORERAS, 42 &#8211; 28022 MAJADAHONDA &#8211; MADRID, identific\u00e1ndose debidamente e indicando de forma visible el concreto derecho que se ejerce. EL PROPIETARIO DE LA WEB adopta los niveles de seguridad correspondientes requeridos por la citada Ley Org\u00e1nica 15\/1999 y dem\u00e1s normativa aplicable. No obstante, no asume ninguna responsabilidad por los da\u00f1os y perjuicios derivados de alteraciones que terceros pueden causar en los sistemas inform\u00e1ticos, documentos electr\u00f3nicos o ficheros del usuario.<\/p>\n<p>EL PROPIETARIO DE LA WEB podr\u00e1 utilizar cookies durante la prestaci\u00f3n de servicios del sitio web. Las cookies son ficheros f\u00edsicos de informaci\u00f3n personal alojados en el propio terminal del usuario. El usuario tiene la posibilidad de configurar su programa navegador de manera que se impida la creaci\u00f3n de archivos cookie o se advierta de la misma. Si opta por abandonar nuestro sitio web a trav\u00e9s de enlaces a sitios web no pertenecientes a nuestra entidad, EL PROPIETARIO DE LA WEB no se har\u00e1 responsable de las pol\u00edticas de privacidad de dichos sitios web ni de las cookies que \u00e9stos puedan almacenar en el ordenador del usuario. Nuestra pol\u00edtica con respecto al correo electr\u00f3nico se centra en remitir \u00fanicamente comunicaciones que usted haya solicitado recibir. Si prefiere no recibir estos mensajes por correo electr\u00f3nico le ofreceremos a trav\u00e9s de los mismos la posibilidad de ejercer su derecho de cancelaci\u00f3n y renuncia a la recepci\u00f3n de estos mensajes, en conformidad con lo dispuesto en el T\u00edtulo III, art\u00edculo 22 de la Ley 34\/2002 de Servicios para la Sociedad de la Informaci\u00f3n y de Comercio Electr\u00f3nico.[\/vc_column_text][\/vc_column][\/vc_row]<\/p>\n","protected":false},"excerpt":{"rendered":"<p>[vc_row content_layout=\u00bbboxed\u00bb equal_height=\u00bb\u00bb animation_delay=\u00bb\u00bb disable=\u00bb\u00bb id=\u00bb\u00bb class=\u00bb\u00bb bg_type=\u00bbimage\u00bb bg_image=\u00bb\u00bb color_overlay=\u00bb\u00bb enable_parallax=\u00bb\u00bb enable_pattern=\u00bb\u00bb][vc_column layout=\u00bbnormal\u00bb vertical_align=\u00bbauto\u00bb animation_delay=\u00bb\u00bb][vc_column_text]EL CA\u00d1ON DE ATUEL S.L., Responsable del tratamiento de sus datos de car\u00e1cter personal, le informa conforme a lo previsto en el RGPD y la LOPDGDD que recaba y trata sus datos de car\u00e1cter personal, aplicando las medidas t\u00e9cnicas y organizativas [&hellip;]<\/p>\n","protected":false},"author":1,"featured_media":0,"parent":0,"menu_order":0,"comment_status":"closed","ping_status":"closed","template":"","meta":[],"yoast_head":"<!-- This site is optimized with the Yoast SEO plugin v20.0 - https:\/\/yoast.com\/wordpress\/plugins\/seo\/ -->\n<title>Pol\u00edtica de privacidad - Pasteler\u00eda Atuel Empresas<\/title>\n<meta name=\"robots\" content=\"index, follow, max-snippet:-1, max-image-preview:large, max-video-preview:-1\" \/>\n<link rel=\"canonical\" href=\"https:\/\/www.atuelpasteleria.com\/empresas\/politica-de-privacidad\/\" \/>\n<meta property=\"og:locale\" content=\"es_ES\" \/>\n<meta property=\"og:type\" content=\"article\" \/>\n<meta property=\"og:title\" content=\"Pol\u00edtica de privacidad - Pasteler\u00eda Atuel Empresas\" \/>\n<meta property=\"og:description\" content=\"[vc_row content_layout=\u00bbboxed\u00bb equal_height=\u00bb\u00bb animation_delay=\u00bb\u00bb disable=\u00bb\u00bb id=\u00bb\u00bb class=\u00bb\u00bb bg_type=\u00bbimage\u00bb bg_image=\u00bb\u00bb color_overlay=\u00bb\u00bb enable_parallax=\u00bb\u00bb enable_pattern=\u00bb\u00bb][vc_column layout=\u00bbnormal\u00bb vertical_align=\u00bbauto\u00bb animation_delay=\u00bb\u00bb][vc_column_text]EL CA\u00d1ON DE ATUEL S.L., Responsable del tratamiento de sus datos de car\u00e1cter personal, le informa conforme a lo previsto en el RGPD y la LOPDGDD que recaba y trata sus datos de car\u00e1cter personal, aplicando las medidas t\u00e9cnicas y organizativas [&hellip;]\" \/>\n<meta property=\"og:url\" content=\"https:\/\/www.atuelpasteleria.com\/empresas\/politica-de-privacidad\/\" \/>\n<meta property=\"og:site_name\" content=\"Pasteler\u00eda Atuel Empresas\" \/>\n<meta property=\"article:modified_time\" content=\"2024-11-22T11:34:38+00:00\" \/>\n<meta name=\"twitter:card\" content=\"summary_large_image\" \/>\n<meta name=\"twitter:label1\" content=\"Tiempo de lectura\" \/>\n\t<meta name=\"twitter:data1\" content=\"3 minutos\" \/>\n<script type=\"application\/ld+json\" class=\"yoast-schema-graph\">{\"@context\":\"https:\/\/schema.org\",\"@graph\":[{\"@type\":\"WebPage\",\"@id\":\"https:\/\/www.atuelpasteleria.com\/empresas\/politica-de-privacidad\/\",\"url\":\"https:\/\/www.atuelpasteleria.com\/empresas\/politica-de-privacidad\/\",\"name\":\"Pol\u00edtica de privacidad - Pasteler\u00eda Atuel Empresas\",\"isPartOf\":{\"@id\":\"https:\/\/www.atuelpasteleria.com\/empresas\/#website\"},\"datePublished\":\"2020-07-22T19:14:08+00:00\",\"dateModified\":\"2024-11-22T11:34:38+00:00\",\"breadcrumb\":{\"@id\":\"https:\/\/www.atuelpasteleria.com\/empresas\/politica-de-privacidad\/#breadcrumb\"},\"inLanguage\":\"es\",\"potentialAction\":[{\"@type\":\"ReadAction\",\"target\":[\"https:\/\/www.atuelpasteleria.com\/empresas\/politica-de-privacidad\/\"]}]},{\"@type\":\"BreadcrumbList\",\"@id\":\"https:\/\/www.atuelpasteleria.com\/empresas\/politica-de-privacidad\/#breadcrumb\",\"itemListElement\":[{\"@type\":\"ListItem\",\"position\":1,\"name\":\"Portada\",\"item\":\"https:\/\/www.atuelpasteleria.com\/empresas\/\"},{\"@type\":\"ListItem\",\"position\":2,\"name\":\"Pol\u00edtica de privacidad\"}]},{\"@type\":\"WebSite\",\"@id\":\"https:\/\/www.atuelpasteleria.com\/empresas\/#website\",\"url\":\"https:\/\/www.atuelpasteleria.com\/empresas\/\",\"name\":\"Pasteler\u00eda Atuel Empresas\",\"description\":\"\",\"potentialAction\":[{\"@type\":\"SearchAction\",\"target\":{\"@type\":\"EntryPoint\",\"urlTemplate\":\"https:\/\/www.atuelpasteleria.com\/empresas\/?s={search_term_string}\"},\"query-input\":\"required name=search_term_string\"}],\"inLanguage\":\"es\"}]}<\/script>\n<!-- \/ Yoast SEO plugin. -->","yoast_head_json":{"title":"Pol\u00edtica de privacidad - Pasteler\u00eda Atuel Empresas","robots":{"index":"index","follow":"follow","max-snippet":"max-snippet:-1","max-image-preview":"max-image-preview:large","max-video-preview":"max-video-preview:-1"},"canonical":"https:\/\/www.atuelpasteleria.com\/empresas\/politica-de-privacidad\/","og_locale":"es_ES","og_type":"article","og_title":"Pol\u00edtica de privacidad - Pasteler\u00eda Atuel Empresas","og_description":"[vc_row content_layout=\u00bbboxed\u00bb equal_height=\u00bb\u00bb animation_delay=\u00bb\u00bb disable=\u00bb\u00bb id=\u00bb\u00bb class=\u00bb\u00bb bg_type=\u00bbimage\u00bb bg_image=\u00bb\u00bb color_overlay=\u00bb\u00bb enable_parallax=\u00bb\u00bb enable_pattern=\u00bb\u00bb][vc_column layout=\u00bbnormal\u00bb vertical_align=\u00bbauto\u00bb animation_delay=\u00bb\u00bb][vc_column_text]EL CA\u00d1ON DE ATUEL S.L., Responsable del tratamiento de sus datos de car\u00e1cter personal, le informa conforme a lo previsto en el RGPD y la LOPDGDD que recaba y trata sus datos de car\u00e1cter personal, aplicando las medidas t\u00e9cnicas y organizativas [&hellip;]","og_url":"https:\/\/www.atuelpasteleria.com\/empresas\/politica-de-privacidad\/","og_site_name":"Pasteler\u00eda Atuel Empresas","article_modified_time":"2024-11-22T11:34:38+00:00","twitter_card":"summary_large_image","twitter_misc":{"Tiempo de lectura":"3 minutos"},"schema":{"@context":"https:\/\/schema.org","@graph":[{"@type":"WebPage","@id":"https:\/\/www.atuelpasteleria.com\/empresas\/politica-de-privacidad\/","url":"https:\/\/www.atuelpasteleria.com\/empresas\/politica-de-privacidad\/","name":"Pol\u00edtica de privacidad - Pasteler\u00eda Atuel Empresas","isPartOf":{"@id":"https:\/\/www.atuelpasteleria.com\/empresas\/#website"},"datePublished":"2020-07-22T19:14:08+00:00","dateModified":"2024-11-22T11:34:38+00:00","breadcrumb":{"@id":"https:\/\/www.atuelpasteleria.com\/empresas\/politica-de-privacidad\/#breadcrumb"},"inLanguage":"es","potentialAction":[{"@type":"ReadAction","target":["https:\/\/www.atuelpasteleria.com\/empresas\/politica-de-privacidad\/"]}]},{"@type":"BreadcrumbList","@id":"https:\/\/www.atuelpasteleria.com\/empresas\/politica-de-privacidad\/#breadcrumb","itemListElement":[{"@type":"ListItem","position":1,"name":"Portada","item":"https:\/\/www.atuelpasteleria.com\/empresas\/"},{"@type":"ListItem","position":2,"name":"Pol\u00edtica de privacidad"}]},{"@type":"WebSite","@id":"https:\/\/www.atuelpasteleria.com\/empresas\/#website","url":"https:\/\/www.atuelpasteleria.com\/empresas\/","name":"Pasteler\u00eda Atuel Empresas","description":"","potentialAction":[{"@type":"SearchAction","target":{"@type":"EntryPoint","urlTemplate":"https:\/\/www.atuelpasteleria.com\/empresas\/?s={search_term_string}"},"query-input":"required name=search_term_string"}],"inLanguage":"es"}]}},"_links":{"self":[{"href":"https:\/\/www.atuelpasteleria.com\/empresas\/wp-json\/wp\/v2\/pages\/1496"}],"collection":[{"href":"https:\/\/www.atuelpasteleria.com\/empresas\/wp-json\/wp\/v2\/pages"}],"about":[{"href":"https:\/\/www.atuelpasteleria.com\/empresas\/wp-json\/wp\/v2\/types\/page"}],"author":[{"embeddable":true,"href":"https:\/\/www.atuelpasteleria.com\/empresas\/wp-json\/wp\/v2\/users\/1"}],"replies":[{"embeddable":true,"href":"https:\/\/www.atuelpasteleria.com\/empresas\/wp-json\/wp\/v2\/comments?post=1496"}],"version-history":[{"count":4,"href":"https:\/\/www.atuelpasteleria.com\/empresas\/wp-json\/wp\/v2\/pages\/1496\/revisions"}],"predecessor-version":[{"id":3354,"href":"https:\/\/www.atuelpasteleria.com\/empresas\/wp-json\/wp\/v2\/pages\/1496\/revisions\/3354"}],"wp:attachment":[{"href":"https:\/\/www.atuelpasteleria.com\/empresas\/wp-json\/wp\/v2\/media?parent=1496"}],"curies":[{"name":"wp","href":"https:\/\/api.w.org\/{rel}","templated":true}]}}

Política de privacidad

<p>[vc_row content_layout=»boxed» equal_height=»» animation_delay=»» disable=»» id=»» class=»» bg_type=»image» bg_image=»» color_overlay=»» enable_parallax=»» enable_pattern=»»][vc_column layout=»normal» vertical_align=»auto» animation_delay=»»]		<header class="vu_heading vu_h-style-1 vu_h-alignment-left">
			
			<h2 class="vu_h-heading m-b-0"><span>POLÍTICA DE PRIVACIDAD</span></h2>

					</header>
	[vc_column_text]EL CAÑON DE ATUEL S.L., Responsable del tratamiento de sus datos de carácter personal, le informa conforme a lo previsto en el RGPD y la LOPDGDD que recaba y trata sus datos de carácter personal, aplicando las medidas técnicas y organizativas que establece el presente Reglamento con la finalidad de gestionar la relación que le vincula con el Responsable, así como poder remitirle cualquier tipo de comunicación a través de los medios designados al efecto. Usted da, como titular de sus datos, su consentimiento y autorización para dicho tratamiento. Podrá ejercitar los derechos de acceso, rectificación, supresión, limitación, portabilidad y oposición dirigiéndose al Responsable con dirección AVDA DE LAS MORERAS Nº42, MAJADAHONDA, 28221, MADRID, o enviando un correo a la dirección <a href="mailto:INFO@ATUELPASTELERIA.COM">INFO@ATUELPASTELERIA.COM</a>.</p>
<p>Los datos recabados a través de los formularios de recogida de datos del sitio web u otras vías serán incorporados a un fichero de datos de carácter personal debidamente inscrito en el Registro General de Protección de Datos de la Agencia Española de Protección de Datos, del cual es responsable EL PROPIETARIO DE LA WEB.</p>
<p>Esta entidad tratará los datos de forma confidencial y exclusivamente con la finalidad de ofrecer los servicios solicitados, con todas las garantías legales y de seguridad que impone la Ley Orgánica 15/1999, de 13 de diciembre, de Protección de Datos de Carácter Personal, el Real Decreto 1720/2007, de 21 de diciembre y la Ley 34/2002, de 11 de julio, de Servicios de la Sociedad de la Información y Comercio Electrónico.</p>
<p>EL PROPIETARIO DE LA WEB se compromete a no ceder, vender, ni compartir los datos con terceros sin su aprobación expresa. Asimismo, EL CAÑON DE ATUEL, S.L. cancelará o rectificará los datos cuando resulten inexactos, incompletos o hayan dejado de ser necesarios o pertinentes para su finalidad, de conformidad con lo previsto en la Ley Orgánica 15/1999, de 13 de diciembre, de Protección de Datos de Carácter Personal.</p>
<p>El usuario podrá revocar el consentimiento prestado y ejercer los derechos de acceso, rectificación, cancelación y oposición dirigiéndose a tal efecto al domicilio social de EL CAÑON DE ATUEL, S.L., sito en AV. DE LAS MORERAS, 42 &#8211; 28022 MAJADAHONDA &#8211; MADRID, identificándose debidamente e indicando de forma visible el concreto derecho que se ejerce. EL PROPIETARIO DE LA WEB adopta los niveles de seguridad correspondientes requeridos por la citada Ley Orgánica 15/1999 y demás normativa aplicable. No obstante, no asume ninguna responsabilidad por los daños y perjuicios derivados de alteraciones que terceros pueden causar en los sistemas informáticos, documentos electrónicos o ficheros del usuario.</p>
<p>EL PROPIETARIO DE LA WEB podrá utilizar cookies durante la prestación de servicios del sitio web. Las cookies son ficheros físicos de información personal alojados en el propio terminal del usuario. El usuario tiene la posibilidad de configurar su programa navegador de manera que se impida la creación de archivos cookie o se advierta de la misma. Si opta por abandonar nuestro sitio web a través de enlaces a sitios web no pertenecientes a nuestra entidad, EL PROPIETARIO DE LA WEB no se hará responsable de las políticas de privacidad de dichos sitios web ni de las cookies que éstos puedan almacenar en el ordenador del usuario. Nuestra política con respecto al correo electrónico se centra en remitir únicamente comunicaciones que usted haya solicitado recibir. Si prefiere no recibir estos mensajes por correo electrónico le ofreceremos a través de los mismos la posibilidad de ejercer su derecho de cancelación y renuncia a la recepción de estos mensajes, en conformidad con lo dispuesto en el Título III, artículo 22 de la Ley 34/2002 de Servicios para la Sociedad de la Información y de Comercio Electrónico.[/vc_column_text][/vc_column][/vc_row]</p>

<p>[vc_row content_layout=»boxed» equal_height=»» animation_delay=»» disable=»» id=»» class=»» bg_type=»image» bg_image=»» color_overlay=»» enable_parallax=»» enable_pattern=»»][vc_column layout=»normal» vertical_align=»auto» animation_delay=»»][vc_column_text]EL CAÑON DE ATUEL S.L., Responsable del tratamiento de sus datos de carácter personal, le informa conforme a lo previsto en el RGPD y la LOPDGDD que recaba y trata sus datos de carácter personal, aplicando las medidas técnicas y organizativas [&hellip;]</p>

<!-- This site is optimized with the Yoast SEO plugin v20.0 - https://yoast.com/wordpress/plugins/seo/ -->
<title>Política de privacidad - Pastelería Atuel Empresas</title>
<meta name="robots" content="index, follow, max-snippet:-1, max-image-preview:large, max-video-preview:-1" />
<link rel="canonical" href="https://www.atuelpasteleria.com/empresas/politica-de-privacidad/" />
<meta property="og:locale" content="es_ES" />
<meta property="og:type" content="article" />
<meta property="og:title" content="Política de privacidad - Pastelería Atuel Empresas" />
<meta property="og:description" content="[vc_row content_layout=»boxed» equal_height=»» animation_delay=»» disable=»» id=»» class=»» bg_type=»image» bg_image=»» color_overlay=»» enable_parallax=»» enable_pattern=»»][vc_column layout=»normal» vertical_align=»auto» animation_delay=»»][vc_column_text]EL CAÑON DE ATUEL S.L., Responsable del tratamiento de sus datos de carácter personal, le informa conforme a lo previsto en el RGPD y la LOPDGDD que recaba y trata sus datos de carácter personal, aplicando las medidas técnicas y organizativas [&hellip;]" />
<meta property="og:url" content="https://www.atuelpasteleria.com/empresas/politica-de-privacidad/" />
<meta property="og:site_name" content="Pastelería Atuel Empresas" />
<meta property="article:modified_time" content="2024-11-22T11:34:38+00:00" />
<meta name="twitter:card" content="summary_large_image" />
<meta name="twitter:label1" content="Tiempo de lectura" />
	<meta name="twitter:data1" content="3 minutos" />
<script type="application/ld+json" class="yoast-schema-graph">{"@context":"https://schema.org","@graph":[{"@type":"WebPage","@id":"https://www.atuelpasteleria.com/empresas/politica-de-privacidad/","url":"https://www.atuelpasteleria.com/empresas/politica-de-privacidad/","name":"Política de privacidad - Pastelería Atuel Empresas","isPartOf":{"@id":"https://www.atuelpasteleria.com/empresas/#website"},"datePublished":"2020-07-22T19:14:08+00:00","dateModified":"2024-11-22T11:34:38+00:00","breadcrumb":{"@id":"https://www.atuelpasteleria.com/empresas/politica-de-privacidad/#breadcrumb"},"inLanguage":"es","potentialAction":[{"@type":"ReadAction","target":["https://www.atuelpasteleria.com/empresas/politica-de-privacidad/"]}]},{"@type":"BreadcrumbList","@id":"https://www.atuelpasteleria.com/empresas/politica-de-privacidad/#breadcrumb","itemListElement":[{"@type":"ListItem","position":1,"name":"Portada","item":"https://www.atuelpasteleria.com/empresas/"},{"@type":"ListItem","position":2,"name":"Política de privacidad"}]},{"@type":"WebSite","@id":"https://www.atuelpasteleria.com/empresas/#website","url":"https://www.atuelpasteleria.com/empresas/","name":"Pastelería Atuel Empresas","description":"","potentialAction":[{"@type":"SearchAction","target":{"@type":"EntryPoint","urlTemplate":"https://www.atuelpasteleria.com/empresas/?s={search_term_string}"},"query-input":"required name=search_term_string"}],"inLanguage":"es"}]}</script>
<!-- / Yoast SEO plugin. -->

Política de privacidad - Pastelería Atuel Empresas

[vc_row content_layout=»boxed» equal_height=»» animation_delay=»» disable=»» id=»» class=»» bg_type=»image» bg_image=»» color_overlay=»» enable_parallax=»» enable_pattern=»»][vc_column layout=»normal» vertical_align=»auto» animation_delay=»»][vc_column_text]EL CAÑON DE ATUEL S.L., Responsable del tratamiento de sus datos de carácter personal, le informa conforme a lo previsto en el RGPD y la LOPDGDD que recaba y trata sus datos de carácter personal, aplicando las medidas técnicas y organizativas [&hellip;]

Pastelería Atuel Empresas
