{"id":32,"date":"2020-03-08T09:36:29","date_gmt":"2020-03-08T09:36:29","guid":{"rendered":"https:\/\/3devs.es\/empresas\/?page_id=32"},"modified":"2020-10-23T17:57:03","modified_gmt":"2020-10-23T15:57:03","slug":"condiciones","status":"publish","type":"page","link":"https:\/\/www.atuelpasteleria.com\/empresas\/condiciones\/","title":{"rendered":"CONDICIONES"},"content":{"rendered":"<p>[vc_row content_layout=\u00bbboxed\u00bb equal_height=\u00bb\u00bb animation_delay=\u00bb\u00bb disable=\u00bb\u00bb id=\u00bb\u00bb class=\u00bb\u00bb bg_type=\u00bbimage\u00bb bg_image=\u00bb\u00bb color_overlay=\u00bb\u00bb enable_parallax=\u00bb\u00bb enable_pattern=\u00bb\u00bb][vc_column layout=\u00bbnormal\u00bb vertical_align=\u00bbauto\u00bb animation_delay=\u00bb\u00bb]\t\t<header class=\"vu_heading vu_h-style-1 vu_h-alignment-left\">\r\n\t\t\t\r\n\t\t\t<h2 class=\"vu_h-heading m-b-0\"><span>Introducci\u00f3n<\/span><\/h2>\r\n\r\n\t\t\t\t\t<\/header>\r\n\t[vc_column_text]El presente documento de condiciones se aplica a todas las compras realizadas en la p\u00e1gina web de ATUEL www.atuelpasteleria.com, dominio del que es titular EL CA\u00d1ON DE ATUEL, S.L. Su CIF\/NIF\/NIE es: B84546423. Su domicilio social est\u00e1 en: AV. DE LAS MORERAS, 42 &#8211; 28022 MAJADAHONDA &#8211; MADRID. Inscrita en el Registro Mercantil de de Madrid Tomo 22.291 , Folio 83, Secci\u00f3n 8, Hoja M-397966, I\/A 2(19.01.12).<\/p>\n<p>Para comunicarse con nosotros, ponemos a su disposici\u00f3n diferentes medios de contacto que detallamos a continuaci\u00f3n: Tfno: 916 798 260. Fax: 916 795 677. Email: <span style=\"color: #0563c1;\"><u><a href=\"mailto:contacto@atuelpasteleria.com\">contacto@atuelpasteleria.com<\/a><\/u><\/span><\/p>\n<p>Todas las notificaciones y comunicaciones entre los usuarios y EL PROPIETARIO DE LA WEB se considerar\u00e1n eficaces, a todos los efectos, cuando se realicen a trav\u00e9s de correo postal o cualquier otro medio de los detallados anteriormente.[\/vc_column_text]\t\t<header class=\"vu_heading vu_h-style-1 vu_h-alignment-left\">\r\n\t\t\t\r\n\t\t\t<h2 class=\"vu_h-heading m-b-0\"><span>Veracidad de los contenidos e informaci\u00f3n suministradas en esta web.<\/span><\/h2>\r\n\r\n\t\t\t\t\t<\/header>\r\n\t[vc_column_text]ATUEL hace todos los esfuerzos dentro de sus medios para ofrecer la informaci\u00f3n contenida en el website de forma veraz y sin errores tipogr\u00e1ficos. En el caso que en alg\u00fan momento se produjera alg\u00fan error de este tipo, ajeno en todo momento a nuestra voluntad, se proceder\u00eda inmediatamente a su correcci\u00f3n. De existir un error tipogr\u00e1fico en alguno de los precios mostrados y alg\u00fan cliente hubiera tomado una decisi\u00f3n de compra basada en dicho error, ATUEL le comunicar\u00e1 al cliente dicho error y el cliente tendr\u00e1 derecho a rescindir su compra sin ning\u00fan coste por su parte o a mantener la misma pagando la diferencia.<\/p>\n<p>Todos los productos que se venden son artesanales, en ese caso su presentaci\u00f3n puede ser ligeramente diferentes sin que por ello var\u00eden su sabor o caracter\u00edsticas alimenticias.[\/vc_column_text]\t\t<header class=\"vu_heading vu_h-style-1 vu_h-alignment-left\">\r\n\t\t\t\r\n\t\t\t<h2 class=\"vu_h-heading m-b-0\"><span>Venta de productos<\/span><\/h2>\r\n\r\n\t\t\t\t\t<\/header>\r\n\t[vc_column_text]La compra en nuestra p\u00e1gina podr\u00e1 ser realizada on-line exclusivamente por EMPRESAS a trav\u00e9s del correspondiente carrito de compra digital.<\/p>\n<p>Los PARTICULARES que deseen hacer alg\u00fan pedido podr\u00e1n utilizar los servicios de presupuestos a medida proporcionados en la secci\u00f3n <a href=\"https:\/\/www.atuelpasteleria.com\/catering\/\">Catering<\/a> para particulares o enviando un correo electr\u00f3nico a la direcci\u00f3n <a href=\"mailto:contacto@atuelpasteleria.com\">contacto@atuelpasteleria.com<\/a><\/p>\n<p>El cliente podr\u00e1 adquirir el producto para su propio consumo o enviar a cualquier tercero incluyendo sus datos en la opci\u00f3n de destinatario.<\/p>\n<p>La compra s\u00f3lo podr\u00e1 realizarse en idioma castellano.<\/p>\n<p>Este comerciante se compromete a no permitir ninguna transacci\u00f3n que sea ilegal, o se considere por las marcas de tarjetas de cr\u00e9dito o el banco adquiriente, que pueda o tenga el potencial de da\u00f1ar la buena voluntad de los mismos o influir de manera negativa en ellos. Las siguientes actividades est\u00e1n prohibidas en virtud de los programas de las marcas de tarjetas: la venta u oferta de un producto o servicio que no sea de plena conformidad con todas las leyes aplicables al Comprador, Banco Emisor, Comerciante, Titular de la tarjeta, o tarjetas. Adem\u00e1s, las siguientes actividades tambi\u00e9n est\u00e1n prohibidas expl\u00edcitamente: \u00abVenta de bebidas alcoh\u00f3licas a menores de 18 a\u00f1os.[\/vc_column_text]\t\t<header class=\"vu_heading vu_h-style-1 vu_h-alignment-left\">\r\n\t\t\t\r\n\t\t\t<h2 class=\"vu_h-heading m-b-0\"><span>Impuestos aplicables<\/span><\/h2>\r\n\r\n\t\t\t\t\t<\/header>\r\n\t[vc_column_text]Los precios de todos los productos expuestos en la p\u00e1gina web llevan incluidos el IVA y cualquier otro impuesto o tasa aplicable. Por cada compra se realizar\u00e1 una factura con los datos facilitados por el cliente para tal fin.[\/vc_column_text]\t\t<header class=\"vu_heading vu_h-style-1 vu_h-alignment-left\">\r\n\t\t\t\r\n\t\t\t<h2 class=\"vu_h-heading m-b-0\"><span>Gastos de env\u00edo<\/span><\/h2>\r\n\r\n\t\t\t\t\t<\/header>\r\n\t[vc_column_text]Los precios de los productos expuestos en la p\u00e1gina web para su venta digital a empresas llevan incluidos los gastos de transporte.[\/vc_column_text]\t\t<header class=\"vu_heading vu_h-style-1 vu_h-alignment-left\">\r\n\t\t\t\r\n\t\t\t<h2 class=\"vu_h-heading m-b-0\"><span>Forma de pago<\/span><\/h2>\r\n\r\n\t\t\t\t\t<\/header>\r\n\t[vc_column_text]Las compras realizadas en esta p\u00e1gina web podr\u00e1n abonarse mediante el uso de tarjeta (MasterCard, Visa, Visa Electr\u00f3n,&#8230;).[\/vc_column_text]\t\t<header class=\"vu_heading vu_h-style-1 vu_h-alignment-left\">\r\n\t\t\t\r\n\t\t\t<h2 class=\"vu_h-heading m-b-0\"><span>Env\u00edos y horarios de entrega<\/span><\/h2>\r\n\r\n\t\t\t\t\t<\/header>\r\n\t[vc_column_text]Por razones log\u00edsticas, actualmente Atuel solo realiza env\u00edos a zonas espec\u00edficas dentro de la comunidad de Madrid. Para consultar si su c\u00f3digo postal se encuentra dentro de nuestras zonas de env\u00edo utilice nuestro formulario de <a href=\"https:\/\/www.atuelpasteleria.com\/empresas\/#CPostal\">b\u00fasqueda de c\u00f3digos postales<\/a>.<\/p>\n<ul>\n<li>Los pedidos realizados antes de las 15:00 se servir\u00e1n al d\u00eda siguiente a la hora seleccionada por el cliente. La entrega se realizar\u00e1 de 9:30 a 21:30 dentro de franjas de 30 minutos.<\/li>\n<li>Los pedidos realizados despu\u00e9s de las 15:00 se entregar\u00e1n en un plazo m\u00ednimo de 24 horas.<\/li>\n<li>El cliente podr\u00e1 seleccionar aquella franja horaria que mejor le convenga dentro de las disponibles seg\u00fan la hora del pedido.<\/li>\n<\/ul>\n<p>Atuel pone todo su esfuerzo para que el env\u00edo est\u00e9 puntualmente en el lugar de destino con un error m\u00e1ximo de 30 minutos. Cualquier reclamaci\u00f3n sobre la puntualidad o un estado deficiente del producto en el momento de la recepci\u00f3n ser\u00e1 tramitado a trav\u00e9s nuestro departamento correspondiente en el correo electr\u00f3nico <a href=\"mailto:contacto@atuelpasteleria.com\">contacto@atuelpasteleria.com<\/a>.<\/p>\n<p>En caso de que entreguemos el producto m\u00e1s de 30 minutos fuera del plazo acordado con usted, podr\u00e1 rechazar el mismo con devoluci\u00f3n de su importe y le indemnizaremos con el 5% del precio del mismo, o aceptar el mismo con una reducci\u00f3n del 20% sobre el precio.[\/vc_column_text]\t\t<header class=\"vu_heading vu_h-style-1 vu_h-alignment-left\">\r\n\t\t\t\r\n\t\t\t<h2 class=\"vu_h-heading m-b-0\"><span>Derechos del comprador y pol\u00edtica de devoluciones<\/span><\/h2>\r\n\r\n\t\t\t\t\t<\/header>\r\n\t[vc_column_text]Atuel garantiza a sus clientes la posibilidad de anular su pedido en cualquier momento siempre que el mismo no se haya personalizado. Cualquier anulaci\u00f3n de pedido debe realizarse 12 horas antes de la entrega programada. Si la anulaci\u00f3n se comunica con 12 o m\u00e1s horas laborables antes de la entrega del pedido no tendr\u00e1 coste alguno para usted. Si la cancelaci\u00f3n se comunica entre 12 y 5 horas laborables antes de la entrega del pedido se le cobrar\u00e1 el 80% del presupuesto. En el caso de no informar de la cancelaci\u00f3n del pedido o informar con menos de 5 horas laborables de antelaci\u00f3n, se cobrar\u00e1 la totalidad del presupuesto aceptado.<\/p>\n<p>Como quiera que el producto es fresco y perecedero no podemos ofrecer al cliente la posibilidad de ejercer el derecho de desistimiento de la compra realizada salvo que el mismo no se ajuste estrictamente a lo ofertado en la web.<\/p>\n<p>Si un producto distinto al solicitado por el cliente fuera entregado por error de ATUEL \u00e9ste le ser\u00e1 retirado y se le entregar\u00e1 el producto correcto sin ning\u00fan cargo adicional para el comprador.<\/p>\n<p>Para cualquier incidencia relacionada con la devoluci\u00f3n de art\u00edculos de nuestra web puede contactar con nuestro Departamento de Atenci\u00f3n al cliente v\u00eda email: <a href=\"mailto:contacto@atuelpasteleria.com\">contacto@atuelpasteleria.com<\/a> o por tel\u00e9fono (916 798 260).[\/vc_column_text]\t\t<header class=\"vu_heading vu_h-style-1 vu_h-alignment-left\">\r\n\t\t\t\r\n\t\t\t<h2 class=\"vu_h-heading m-b-0\"><span>Obligaciones del cliente<\/span><\/h2>\r\n\r\n\t\t\t\t\t<\/header>\r\n\t[vc_column_text]El cliente se compromete en todo momento a facilitar informaci\u00f3n veraz sobre los datos solicitados en los formularios de registro de usuario o de realizaci\u00f3n del pedido, y a mantenerlos actualizados en todo momento.<\/p>\n<p>El cliente se compromete a aceptar todas las disposiciones y condiciones recogidas en las presentes Condiciones Generales de Contrataci\u00f3n entendiendo que recogen la mejor voluntad de servicio posible.<\/p>\n<p>Asimismo, se compromete a guardar de forma confidencial y con la m\u00e1xima diligencia sus claves de acceso personal a nuestro sitio web.<\/p>\n<p>El cliente se compromete a posibilitar la entrega del pedido solicitado facilitando una direcci\u00f3n de entrega en la que pueda ser entregado el pedido solicitado dentro del horario habitual de entrega de mercanc\u00edas. En caso de incumplimiento por parte del cliente de esta obligaci\u00f3n, ATUEL no tendr\u00e1 ninguna responsabilidad sobre el retraso o imposibilidad de entrega del pedido solicitado por el cliente.[\/vc_column_text]\t\t<header class=\"vu_heading vu_h-style-1 vu_h-alignment-left\">\r\n\t\t\t\r\n\t\t\t<h2 class=\"vu_h-heading m-b-0\"><span>Seguridad y confidencialidad<\/span><\/h2>\r\n\r\n\t\t\t\t\t<\/header>\r\n\t[vc_column_text]ATUEL garantiza la seguridad y confidencialidad en todas sus comunicaciones con sus clientes.<\/p>\n<p>Todas las operaciones de pago on-line se realizan a trav\u00e9s de un servidor seguro, basado en el est\u00e1ndar SSL, que protege los datos frente a intentos de violaci\u00f3n por terceros. Los datos del proceso de compra se guardan en una base de datos dise\u00f1ada para tal efecto.<\/p>\n<p>En cumplimiento del RGPD le informamos que sus datos ser\u00e1n tratados para la prestaci\u00f3n del servicio contratado. Estos datos podr\u00e1n ser cedidos a la empresa encargada de reparto con id\u00e9ntico fin. En alguna ocasi\u00f3n nos podr\u00edamos dirigir a usted para informarle sobre productos o servicios similares a los adquiridos. En todo caso el env\u00edo de esta informaci\u00f3n se realizar\u00e1 de forma prudente y no agresiva.<\/p>\n<p>Puede usted ejercitar los derechos de Acceso, Rectificaci\u00f3n, Cancelaci\u00f3n, supresi\u00f3n, limitaci\u00f3n, portabilidad y oposici\u00f3n dirigiendo un e-mail a <a href=\"mailto:contacto@atuelpasteleria.com\">contacto@atuelpasteleria.com<\/a> o por correo ordinario a la siguiente direcci\u00f3n: EL CA\u00d1ON DE ATUEL, S.L. Avda. de las Moreras, 42 &#8211; 28022 Majadahonda (MADRID).<\/p>\n<p>Sus datos no ser\u00e1n cedidos a terceras empresas para fines distintos a los enunciados en el apartado anterior.<\/p>\n<p>La empresa ha adoptado los niveles de seguridad de protecci\u00f3n de los datos personales legalmente requeridos y procura instalar otros medios y medidas t\u00e9cnicas de protecci\u00f3n adicionales. No obstante, el Usuario debe ser consciente de que las medidas de seguridad en Internet no son inexpugnables.[\/vc_column_text]\t\t<header class=\"vu_heading vu_h-style-1 vu_h-alignment-left\">\r\n\t\t\t\r\n\t\t\t<h2 class=\"vu_h-heading m-b-0\"><span>Legislaci\u00f3n aplicable y jurisdicci\u00f3n competente<\/span><\/h2>\r\n\r\n\t\t\t\t\t<\/header>\r\n\t[vc_column_text]Las compraventas realizadas con <a href=\"https:\/\/www.atuelpasteleria.com\/empresas\">https:\/\/www.atuelpasteleria.com\/empresas<\/a> se someten a la legislaci\u00f3n espa\u00f1ola.<\/p>\n<p>En caso de cualquier conflicto o discrepancia, el fuero aplicable ser\u00e1 el de los Juzgados o Tribunales de Madrid.[\/vc_column_text][\/vc_column][\/vc_row]<\/p>\n","protected":false},"excerpt":{"rendered":"<p>[vc_row content_layout=\u00bbboxed\u00bb equal_height=\u00bb\u00bb animation_delay=\u00bb\u00bb disable=\u00bb\u00bb id=\u00bb\u00bb class=\u00bb\u00bb bg_type=\u00bbimage\u00bb bg_image=\u00bb\u00bb color_overlay=\u00bb\u00bb enable_parallax=\u00bb\u00bb enable_pattern=\u00bb\u00bb][vc_column layout=\u00bbnormal\u00bb vertical_align=\u00bbauto\u00bb animation_delay=\u00bb\u00bb][vc_column_text]El presente documento de condiciones se aplica a todas las compras realizadas en la p\u00e1gina web de ATUEL www.atuelpasteleria.com, dominio del que es titular EL CA\u00d1ON DE ATUEL, S.L. Su CIF\/NIF\/NIE es: B84546423. Su domicilio social est\u00e1 en: AV. DE LAS [&hellip;]<\/p>\n","protected":false},"author":1,"featured_media":0,"parent":0,"menu_order":0,"comment_status":"closed","ping_status":"closed","template":"","meta":[],"yoast_head":"<!-- This site is optimized with the Yoast SEO plugin v20.0 - https:\/\/yoast.com\/wordpress\/plugins\/seo\/ -->\n<title>Condiciones de venta on-line - Pasteler\u00eda Atuel Empresas<\/title>\n<meta name=\"robots\" content=\"index, follow, max-snippet:-1, max-image-preview:large, max-video-preview:-1\" \/>\n<link rel=\"canonical\" href=\"https:\/\/www.atuelpasteleria.com\/empresas\/condiciones\/\" \/>\n<meta property=\"og:locale\" content=\"es_ES\" \/>\n<meta property=\"og:type\" content=\"article\" \/>\n<meta property=\"og:title\" content=\"Condiciones de venta on-line - Pasteler\u00eda Atuel Empresas\" \/>\n<meta property=\"og:description\" content=\"[vc_row content_layout=\u00bbboxed\u00bb equal_height=\u00bb\u00bb animation_delay=\u00bb\u00bb disable=\u00bb\u00bb id=\u00bb\u00bb class=\u00bb\u00bb bg_type=\u00bbimage\u00bb bg_image=\u00bb\u00bb color_overlay=\u00bb\u00bb enable_parallax=\u00bb\u00bb enable_pattern=\u00bb\u00bb][vc_column layout=\u00bbnormal\u00bb vertical_align=\u00bbauto\u00bb animation_delay=\u00bb\u00bb][vc_column_text]El presente documento de condiciones se aplica a todas las compras realizadas en la p\u00e1gina web de ATUEL www.atuelpasteleria.com, dominio del que es titular EL CA\u00d1ON DE ATUEL, S.L. Su CIF\/NIF\/NIE es: B84546423. Su domicilio social est\u00e1 en: AV. DE LAS [&hellip;]\" \/>\n<meta property=\"og:url\" content=\"https:\/\/www.atuelpasteleria.com\/empresas\/condiciones\/\" \/>\n<meta property=\"og:site_name\" content=\"Pasteler\u00eda Atuel Empresas\" \/>\n<meta property=\"article:modified_time\" content=\"2020-10-23T15:57:03+00:00\" \/>\n<meta name=\"twitter:card\" content=\"summary_large_image\" \/>\n<meta name=\"twitter:label1\" content=\"Tiempo de lectura\" \/>\n\t<meta name=\"twitter:data1\" content=\"9 minutos\" \/>\n<script type=\"application\/ld+json\" class=\"yoast-schema-graph\">{\"@context\":\"https:\/\/schema.org\",\"@graph\":[{\"@type\":\"WebPage\",\"@id\":\"https:\/\/www.atuelpasteleria.com\/empresas\/condiciones\/\",\"url\":\"https:\/\/www.atuelpasteleria.com\/empresas\/condiciones\/\",\"name\":\"Condiciones de venta on-line - Pasteler\u00eda Atuel Empresas\",\"isPartOf\":{\"@id\":\"https:\/\/www.atuelpasteleria.com\/empresas\/#website\"},\"datePublished\":\"2020-03-08T09:36:29+00:00\",\"dateModified\":\"2020-10-23T15:57:03+00:00\",\"breadcrumb\":{\"@id\":\"https:\/\/www.atuelpasteleria.com\/empresas\/condiciones\/#breadcrumb\"},\"inLanguage\":\"es\",\"potentialAction\":[{\"@type\":\"ReadAction\",\"target\":[\"https:\/\/www.atuelpasteleria.com\/empresas\/condiciones\/\"]}]},{\"@type\":\"BreadcrumbList\",\"@id\":\"https:\/\/www.atuelpasteleria.com\/empresas\/condiciones\/#breadcrumb\",\"itemListElement\":[{\"@type\":\"ListItem\",\"position\":1,\"name\":\"Portada\",\"item\":\"https:\/\/www.atuelpasteleria.com\/empresas\/\"},{\"@type\":\"ListItem\",\"position\":2,\"name\":\"CONDICIONES\"}]},{\"@type\":\"WebSite\",\"@id\":\"https:\/\/www.atuelpasteleria.com\/empresas\/#website\",\"url\":\"https:\/\/www.atuelpasteleria.com\/empresas\/\",\"name\":\"Pasteler\u00eda Atuel Empresas\",\"description\":\"\",\"potentialAction\":[{\"@type\":\"SearchAction\",\"target\":{\"@type\":\"EntryPoint\",\"urlTemplate\":\"https:\/\/www.atuelpasteleria.com\/empresas\/?s={search_term_string}\"},\"query-input\":\"required name=search_term_string\"}],\"inLanguage\":\"es\"}]}<\/script>\n<!-- \/ Yoast SEO plugin. -->","yoast_head_json":{"title":"Condiciones de venta on-line - Pasteler\u00eda Atuel Empresas","robots":{"index":"index","follow":"follow","max-snippet":"max-snippet:-1","max-image-preview":"max-image-preview:large","max-video-preview":"max-video-preview:-1"},"canonical":"https:\/\/www.atuelpasteleria.com\/empresas\/condiciones\/","og_locale":"es_ES","og_type":"article","og_title":"Condiciones de venta on-line - Pasteler\u00eda Atuel Empresas","og_description":"[vc_row content_layout=\u00bbboxed\u00bb equal_height=\u00bb\u00bb animation_delay=\u00bb\u00bb disable=\u00bb\u00bb id=\u00bb\u00bb class=\u00bb\u00bb bg_type=\u00bbimage\u00bb bg_image=\u00bb\u00bb color_overlay=\u00bb\u00bb enable_parallax=\u00bb\u00bb enable_pattern=\u00bb\u00bb][vc_column layout=\u00bbnormal\u00bb vertical_align=\u00bbauto\u00bb animation_delay=\u00bb\u00bb][vc_column_text]El presente documento de condiciones se aplica a todas las compras realizadas en la p\u00e1gina web de ATUEL www.atuelpasteleria.com, dominio del que es titular EL CA\u00d1ON DE ATUEL, S.L. Su CIF\/NIF\/NIE es: B84546423. Su domicilio social est\u00e1 en: AV. DE LAS [&hellip;]","og_url":"https:\/\/www.atuelpasteleria.com\/empresas\/condiciones\/","og_site_name":"Pasteler\u00eda Atuel Empresas","article_modified_time":"2020-10-23T15:57:03+00:00","twitter_card":"summary_large_image","twitter_misc":{"Tiempo de lectura":"9 minutos"},"schema":{"@context":"https:\/\/schema.org","@graph":[{"@type":"WebPage","@id":"https:\/\/www.atuelpasteleria.com\/empresas\/condiciones\/","url":"https:\/\/www.atuelpasteleria.com\/empresas\/condiciones\/","name":"Condiciones de venta on-line - Pasteler\u00eda Atuel Empresas","isPartOf":{"@id":"https:\/\/www.atuelpasteleria.com\/empresas\/#website"},"datePublished":"2020-03-08T09:36:29+00:00","dateModified":"2020-10-23T15:57:03+00:00","breadcrumb":{"@id":"https:\/\/www.atuelpasteleria.com\/empresas\/condiciones\/#breadcrumb"},"inLanguage":"es","potentialAction":[{"@type":"ReadAction","target":["https:\/\/www.atuelpasteleria.com\/empresas\/condiciones\/"]}]},{"@type":"BreadcrumbList","@id":"https:\/\/www.atuelpasteleria.com\/empresas\/condiciones\/#breadcrumb","itemListElement":[{"@type":"ListItem","position":1,"name":"Portada","item":"https:\/\/www.atuelpasteleria.com\/empresas\/"},{"@type":"ListItem","position":2,"name":"CONDICIONES"}]},{"@type":"WebSite","@id":"https:\/\/www.atuelpasteleria.com\/empresas\/#website","url":"https:\/\/www.atuelpasteleria.com\/empresas\/","name":"Pasteler\u00eda Atuel Empresas","description":"","potentialAction":[{"@type":"SearchAction","target":{"@type":"EntryPoint","urlTemplate":"https:\/\/www.atuelpasteleria.com\/empresas\/?s={search_term_string}"},"query-input":"required name=search_term_string"}],"inLanguage":"es"}]}},"_links":{"self":[{"href":"https:\/\/www.atuelpasteleria.com\/empresas\/wp-json\/wp\/v2\/pages\/32"}],"collection":[{"href":"https:\/\/www.atuelpasteleria.com\/empresas\/wp-json\/wp\/v2\/pages"}],"about":[{"href":"https:\/\/www.atuelpasteleria.com\/empresas\/wp-json\/wp\/v2\/types\/page"}],"author":[{"embeddable":true,"href":"https:\/\/www.atuelpasteleria.com\/empresas\/wp-json\/wp\/v2\/users\/1"}],"replies":[{"embeddable":true,"href":"https:\/\/www.atuelpasteleria.com\/empresas\/wp-json\/wp\/v2\/comments?post=32"}],"version-history":[{"count":22,"href":"https:\/\/www.atuelpasteleria.com\/empresas\/wp-json\/wp\/v2\/pages\/32\/revisions"}],"predecessor-version":[{"id":1958,"href":"https:\/\/www.atuelpasteleria.com\/empresas\/wp-json\/wp\/v2\/pages\/32\/revisions\/1958"}],"wp:attachment":[{"href":"https:\/\/www.atuelpasteleria.com\/empresas\/wp-json\/wp\/v2\/media?parent=32"}],"curies":[{"name":"wp","href":"https:\/\/api.w.org\/{rel}","templated":true}]}}