{"id":336,"date":"2020-03-14T20:31:47","date_gmt":"2020-03-14T20:31:47","guid":{"rendered":"https:\/\/3devs.es\/empresas\/?post_type=product&#038;p=336"},"modified":"2024-10-22T11:10:59","modified_gmt":"2024-10-22T10:10:59","slug":"desayuno-salado","status":"publish","type":"product","link":"https:\/\/www.atuelpasteleria.com\/empresas\/producto\/desayuno-salado\/","title":{"rendered":"DESAYUNO SALADO"},"content":{"rendered":"<p>Ideal para tomar a media ma\u00f1ana, el desayuno Salado incluye una extensa selecci\u00f3n de nuestros mejores productos salados. Medialunas rellenas y s\u00e1ndwiches de miga. Como en todos los desayunos a\u00f1adimos caf\u00e9, leche y zumo de primera calidad.<\/p>\n<p>Medialunas rellenas: de jam\u00f3n york y queso.<\/p>\n<p>S\u00e1ndwiches de miga (sabores surtidos): ternera y queso \/ jam\u00f3n serrano y tomate \/ pavo y queso \/ pavo y tomate \/ queso, huevo y at\u00fan.<\/p>\n<p>Caf\u00e9, leche y zumo.<\/p>\n<p><b>Pedido m\u00ednimo: 10 comensales<\/b><\/p>\n","protected":false},"excerpt":{"rendered":"<p>Ideal para tomar a media ma\u00f1ana, el desayuno Salado incluye una extensa selecci\u00f3n de nuestros mejores productos salados. Medialunas rellenas y s\u00e1ndwiches de miga. Como en todos los desayunos a\u00f1adimos caf\u00e9, leche y zumo de primera calidad. Medialunas rellenas: de jam\u00f3n york y queso. S\u00e1ndwiches de miga (sabores surtidos): ternera y queso \/ jam\u00f3n serrano [&hellip;]<\/p>\n","protected":false},"featured_media":337,"template":"","meta":[],"product_cat":[18],"product_tag":[],"yoast_head":"<!-- This site is optimized with the Yoast SEO plugin v20.0 - https:\/\/yoast.com\/wordpress\/plugins\/seo\/ -->\n<title>DESAYUNO SALADO - Pasteler\u00eda Atuel Empresas<\/title>\n<meta name=\"robots\" content=\"index, follow, max-snippet:-1, max-image-preview:large, max-video-preview:-1\" \/>\n<link rel=\"canonical\" href=\"https:\/\/www.atuelpasteleria.com\/empresas\/producto\/desayuno-salado\/\" \/>\n<meta property=\"og:locale\" content=\"es_ES\" \/>\n<meta property=\"og:type\" content=\"article\" \/>\n<meta property=\"og:title\" content=\"DESAYUNO SALADO - Pasteler\u00eda Atuel Empresas\" \/>\n<meta property=\"og:description\" content=\"Ideal para tomar a media ma\u00f1ana, el desayuno Salado incluye una extensa selecci\u00f3n de nuestros mejores productos salados. Medialunas rellenas y s\u00e1ndwiches de miga. Como en todos los desayunos a\u00f1adimos caf\u00e9, leche y zumo de primera calidad. Medialunas rellenas: de jam\u00f3n york y queso. S\u00e1ndwiches de miga (sabores surtidos): ternera y queso \/ jam\u00f3n serrano [&hellip;]\" \/>\n<meta property=\"og:url\" content=\"https:\/\/www.atuelpasteleria.com\/empresas\/producto\/desayuno-salado\/\" \/>\n<meta property=\"og:site_name\" content=\"Pasteler\u00eda Atuel Empresas\" \/>\n<meta property=\"article:modified_time\" content=\"2024-10-22T10:10:59+00:00\" \/>\n<meta property=\"og:image\" content=\"https:\/\/www.atuelpasteleria.com\/empresas\/wp-content\/uploads\/2020\/03\/desayuno-salado-main-m.jpg\" \/>\n\t<meta property=\"og:image:width\" content=\"1920\" \/>\n\t<meta property=\"og:image:height\" content=\"1278\" \/>\n\t<meta property=\"og:image:type\" content=\"image\/jpeg\" \/>\n<meta name=\"twitter:card\" content=\"summary_large_image\" \/>\n<meta name=\"twitter:label1\" content=\"Tiempo de lectura\" \/>\n\t<meta name=\"twitter:data1\" content=\"1 minuto\" \/>\n<script type=\"application\/ld+json\" class=\"yoast-schema-graph\">{\"@context\":\"https:\/\/schema.org\",\"@graph\":[{\"@type\":\"WebPage\",\"@id\":\"https:\/\/www.atuelpasteleria.com\/empresas\/producto\/desayuno-salado\/\",\"url\":\"https:\/\/www.atuelpasteleria.com\/empresas\/producto\/desayuno-salado\/\",\"name\":\"DESAYUNO SALADO - Pasteler\u00eda Atuel Empresas\",\"isPartOf\":{\"@id\":\"https:\/\/www.atuelpasteleria.com\/empresas\/#website\"},\"datePublished\":\"2020-03-14T20:31:47+00:00\",\"dateModified\":\"2024-10-22T10:10:59+00:00\",\"breadcrumb\":{\"@id\":\"https:\/\/www.atuelpasteleria.com\/empresas\/producto\/desayuno-salado\/#breadcrumb\"},\"inLanguage\":\"es\",\"potentialAction\":[{\"@type\":\"ReadAction\",\"target\":[\"https:\/\/www.atuelpasteleria.com\/empresas\/producto\/desayuno-salado\/\"]}]},{\"@type\":\"BreadcrumbList\",\"@id\":\"https:\/\/www.atuelpasteleria.com\/empresas\/producto\/desayuno-salado\/#breadcrumb\",\"itemListElement\":[{\"@type\":\"ListItem\",\"position\":1,\"name\":\"Portada\",\"item\":\"https:\/\/www.atuelpasteleria.com\/empresas\/\"},{\"@type\":\"ListItem\",\"position\":2,\"name\":\"Tienda\",\"item\":\"https:\/\/www.atuelpasteleria.com\/empresas\/tienda\/\"},{\"@type\":\"ListItem\",\"position\":3,\"name\":\"DESAYUNO SALADO\"}]},{\"@type\":\"WebSite\",\"@id\":\"https:\/\/www.atuelpasteleria.com\/empresas\/#website\",\"url\":\"https:\/\/www.atuelpasteleria.com\/empresas\/\",\"name\":\"Pasteler\u00eda Atuel Empresas\",\"description\":\"\",\"potentialAction\":[{\"@type\":\"SearchAction\",\"target\":{\"@type\":\"EntryPoint\",\"urlTemplate\":\"https:\/\/www.atuelpasteleria.com\/empresas\/?s={search_term_string}\"},\"query-input\":\"required name=search_term_string\"}],\"inLanguage\":\"es\"}]}<\/script>\n<!-- \/ Yoast SEO plugin. -->","yoast_head_json":{"title":"DESAYUNO SALADO - Pasteler\u00eda Atuel Empresas","robots":{"index":"index","follow":"follow","max-snippet":"max-snippet:-1","max-image-preview":"max-image-preview:large","max-video-preview":"max-video-preview:-1"},"canonical":"https:\/\/www.atuelpasteleria.com\/empresas\/producto\/desayuno-salado\/","og_locale":"es_ES","og_type":"article","og_title":"DESAYUNO SALADO - Pasteler\u00eda Atuel Empresas","og_description":"Ideal para tomar a media ma\u00f1ana, el desayuno Salado incluye una extensa selecci\u00f3n de nuestros mejores productos salados. Medialunas rellenas y s\u00e1ndwiches de miga. Como en todos los desayunos a\u00f1adimos caf\u00e9, leche y zumo de primera calidad. Medialunas rellenas: de jam\u00f3n york y queso. S\u00e1ndwiches de miga (sabores surtidos): ternera y queso \/ jam\u00f3n serrano [&hellip;]","og_url":"https:\/\/www.atuelpasteleria.com\/empresas\/producto\/desayuno-salado\/","og_site_name":"Pasteler\u00eda Atuel Empresas","article_modified_time":"2024-10-22T10:10:59+00:00","og_image":[{"width":1920,"height":1278,"url":"https:\/\/www.atuelpasteleria.com\/empresas\/wp-content\/uploads\/2020\/03\/desayuno-salado-main-m.jpg","type":"image\/jpeg"}],"twitter_card":"summary_large_image","twitter_misc":{"Tiempo de lectura":"1 minuto"},"schema":{"@context":"https:\/\/schema.org","@graph":[{"@type":"WebPage","@id":"https:\/\/www.atuelpasteleria.com\/empresas\/producto\/desayuno-salado\/","url":"https:\/\/www.atuelpasteleria.com\/empresas\/producto\/desayuno-salado\/","name":"DESAYUNO SALADO - Pasteler\u00eda Atuel Empresas","isPartOf":{"@id":"https:\/\/www.atuelpasteleria.com\/empresas\/#website"},"datePublished":"2020-03-14T20:31:47+00:00","dateModified":"2024-10-22T10:10:59+00:00","breadcrumb":{"@id":"https:\/\/www.atuelpasteleria.com\/empresas\/producto\/desayuno-salado\/#breadcrumb"},"inLanguage":"es","potentialAction":[{"@type":"ReadAction","target":["https:\/\/www.atuelpasteleria.com\/empresas\/producto\/desayuno-salado\/"]}]},{"@type":"BreadcrumbList","@id":"https:\/\/www.atuelpasteleria.com\/empresas\/producto\/desayuno-salado\/#breadcrumb","itemListElement":[{"@type":"ListItem","position":1,"name":"Portada","item":"https:\/\/www.atuelpasteleria.com\/empresas\/"},{"@type":"ListItem","position":2,"name":"Tienda","item":"https:\/\/www.atuelpasteleria.com\/empresas\/tienda\/"},{"@type":"ListItem","position":3,"name":"DESAYUNO SALADO"}]},{"@type":"WebSite","@id":"https:\/\/www.atuelpasteleria.com\/empresas\/#website","url":"https:\/\/www.atuelpasteleria.com\/empresas\/","name":"Pasteler\u00eda Atuel Empresas","description":"","potentialAction":[{"@type":"SearchAction","target":{"@type":"EntryPoint","urlTemplate":"https:\/\/www.atuelpasteleria.com\/empresas\/?s={search_term_string}"},"query-input":"required name=search_term_string"}],"inLanguage":"es"}]}},"_links":{"self":[{"href":"https:\/\/www.atuelpasteleria.com\/empresas\/wp-json\/wp\/v2\/product\/336"}],"collection":[{"href":"https:\/\/www.atuelpasteleria.com\/empresas\/wp-json\/wp\/v2\/product"}],"about":[{"href":"https:\/\/www.atuelpasteleria.com\/empresas\/wp-json\/wp\/v2\/types\/product"}],"wp:featuredmedia":[{"embeddable":true,"href":"https:\/\/www.atuelpasteleria.com\/empresas\/wp-json\/wp\/v2\/media\/337"}],"wp:attachment":[{"href":"https:\/\/www.atuelpasteleria.com\/empresas\/wp-json\/wp\/v2\/media?parent=336"}],"wp:term":[{"taxonomy":"product_cat","embeddable":true,"href":"https:\/\/www.atuelpasteleria.com\/empresas\/wp-json\/wp\/v2\/product_cat?post=336"},{"taxonomy":"product_tag","embeddable":true,"href":"https:\/\/www.atuelpasteleria.com\/empresas\/wp-json\/wp\/v2\/product_tag?post=336"}],"curies":[{"name":"wp","href":"https:\/\/api.w.org\/{rel}","templated":true}]}}

<p>Ideal para tomar a media mañana, el desayuno Salado incluye una extensa selección de nuestros mejores productos salados. Medialunas rellenas y sándwiches de miga. Como en todos los desayunos añadimos café, leche y zumo de primera calidad.</p>
<p>Medialunas rellenas: de jamón york y queso.</p>
<p>Sándwiches de miga (sabores surtidos): ternera y queso / jamón serrano y tomate / pavo y queso / pavo y tomate / queso, huevo y atún.</p>
<p>Café, leche y zumo.</p>
<p><b>Pedido mínimo: 10 comensales</b></p>

<p>Ideal para tomar a media mañana, el desayuno Salado incluye una extensa selección de nuestros mejores productos salados. Medialunas rellenas y sándwiches de miga. Como en todos los desayunos añadimos café, leche y zumo de primera calidad. Medialunas rellenas: de jamón york y queso. Sándwiches de miga (sabores surtidos): ternera y queso / jamón serrano [&hellip;]</p>

<!-- This site is optimized with the Yoast SEO plugin v20.0 - https://yoast.com/wordpress/plugins/seo/ -->
<title>DESAYUNO SALADO - Pastelería Atuel Empresas</title>
<meta name="robots" content="index, follow, max-snippet:-1, max-image-preview:large, max-video-preview:-1" />
<link rel="canonical" href="https://www.atuelpasteleria.com/empresas/producto/desayuno-salado/" />
<meta property="og:locale" content="es_ES" />
<meta property="og:type" content="article" />
<meta property="og:title" content="DESAYUNO SALADO - Pastelería Atuel Empresas" />
<meta property="og:description" content="Ideal para tomar a media mañana, el desayuno Salado incluye una extensa selección de nuestros mejores productos salados. Medialunas rellenas y sándwiches de miga. Como en todos los desayunos añadimos café, leche y zumo de primera calidad. Medialunas rellenas: de jamón york y queso. Sándwiches de miga (sabores surtidos): ternera y queso / jamón serrano [&hellip;]" />
<meta property="og:url" content="https://www.atuelpasteleria.com/empresas/producto/desayuno-salado/" />
<meta property="og:site_name" content="Pastelería Atuel Empresas" />
<meta property="article:modified_time" content="2024-10-22T10:10:59+00:00" />
<meta property="og:image" content="https://www.atuelpasteleria.com/empresas/wp-content/uploads/2020/03/desayuno-salado-main-m.jpg" />
	<meta property="og:image:width" content="1920" />
	<meta property="og:image:height" content="1278" />
	<meta property="og:image:type" content="image/jpeg" />
<meta name="twitter:card" content="summary_large_image" />
<meta name="twitter:label1" content="Tiempo de lectura" />
	<meta name="twitter:data1" content="1 minuto" />
<script type="application/ld+json" class="yoast-schema-graph">{"@context":"https://schema.org","@graph":[{"@type":"WebPage","@id":"https://www.atuelpasteleria.com/empresas/producto/desayuno-salado/","url":"https://www.atuelpasteleria.com/empresas/producto/desayuno-salado/","name":"DESAYUNO SALADO - Pastelería Atuel Empresas","isPartOf":{"@id":"https://www.atuelpasteleria.com/empresas/#website"},"datePublished":"2020-03-14T20:31:47+00:00","dateModified":"2024-10-22T10:10:59+00:00","breadcrumb":{"@id":"https://www.atuelpasteleria.com/empresas/producto/desayuno-salado/#breadcrumb"},"inLanguage":"es","potentialAction":[{"@type":"ReadAction","target":["https://www.atuelpasteleria.com/empresas/producto/desayuno-salado/"]}]},{"@type":"BreadcrumbList","@id":"https://www.atuelpasteleria.com/empresas/producto/desayuno-salado/#breadcrumb","itemListElement":[{"@type":"ListItem","position":1,"name":"Portada","item":"https://www.atuelpasteleria.com/empresas/"},{"@type":"ListItem","position":2,"name":"Tienda","item":"https://www.atuelpasteleria.com/empresas/tienda/"},{"@type":"ListItem","position":3,"name":"DESAYUNO SALADO"}]},{"@type":"WebSite","@id":"https://www.atuelpasteleria.com/empresas/#website","url":"https://www.atuelpasteleria.com/empresas/","name":"Pastelería Atuel Empresas","description":"","potentialAction":[{"@type":"SearchAction","target":{"@type":"EntryPoint","urlTemplate":"https://www.atuelpasteleria.com/empresas/?s={search_term_string}"},"query-input":"required name=search_term_string"}],"inLanguage":"es"}]}</script>
<!-- / Yoast SEO plugin. -->

DESAYUNO SALADO - Pastelería Atuel Empresas

Ideal para tomar a media mañana, el desayuno Salado incluye una extensa selección de nuestros mejores productos salados. Medialunas rellenas y sándwiches de miga. Como en todos los desayunos añadimos café, leche y zumo de primera calidad. Medialunas rellenas: de jamón york y queso. Sándwiches de miga (sabores surtidos): ternera y queso / jamón serrano [&hellip;]

Pastelería Atuel Empresas
