{"id":341,"date":"2020-03-14T20:49:58","date_gmt":"2020-03-14T20:49:58","guid":{"rendered":"https:\/\/3devs.es\/empresas\/?post_type=product&#038;p=341"},"modified":"2024-10-22T11:10:31","modified_gmt":"2024-10-22T10:10:31","slug":"desayuno-premium","status":"publish","type":"product","link":"https:\/\/www.atuelpasteleria.com\/empresas\/producto\/desayuno-premium\/","title":{"rendered":"DESAYUNO PREMIUM"},"content":{"rendered":"<p>Nuestro desayuno Premium, una selecci\u00f3n de nuestros mejores productos en su oficina. Deliciosa combinaci\u00f3n de productos dulces y salados para que su catering de empresa sea un \u00e9xito. Incluye medialunas rellenas, s\u00e1ndwiches de miga, pastas de t\u00e9 y una delicatessen dulce. Todo ello acompa\u00f1ado por caf\u00e9, leche y zumo de primera calidad.<\/p>\n<p>Medialunas rellenas: de jam\u00f3n york y queso.<\/p>\n<p>S\u00e1ndwiches de miga (sabores surtidos): ternera y queso \/ jam\u00f3n serrano y tomate \/ pavo y queso \/ pavo y tomate \/ queso, huevo y at\u00fan.<\/p>\n<p>Medio kilo de Pastas de t\u00e9.<\/p>\n<p>Medio kilo surtido Delicatessen dulce.<\/p>\n<p>Caf\u00e9, leche y zumo.<\/p>\n<p><b>Pedido m\u00ednimo: 10 comensales<\/b><\/p>\n","protected":false},"excerpt":{"rendered":"<p>Nuestro desayuno Premium, una selecci\u00f3n de nuestros mejores productos en su oficina. Deliciosa combinaci\u00f3n de productos dulces y salados para que su catering de empresa sea un \u00e9xito. Incluye medialunas rellenas, s\u00e1ndwiches de miga, pastas de t\u00e9 y una delicatessen dulce. Todo ello acompa\u00f1ado por caf\u00e9, leche y zumo de primera calidad. Medialunas rellenas: de [&hellip;]<\/p>\n","protected":false},"featured_media":919,"template":"","meta":[],"product_cat":[18],"product_tag":[],"yoast_head":"<!-- This site is optimized with the Yoast SEO plugin v20.0 - https:\/\/yoast.com\/wordpress\/plugins\/seo\/ -->\n<title>DESAYUNO PREMIUM - Pasteler\u00eda Atuel Empresas<\/title>\n<meta name=\"robots\" content=\"index, follow, max-snippet:-1, max-image-preview:large, max-video-preview:-1\" \/>\n<link rel=\"canonical\" href=\"https:\/\/www.atuelpasteleria.com\/empresas\/producto\/desayuno-premium\/\" \/>\n<meta property=\"og:locale\" content=\"es_ES\" \/>\n<meta property=\"og:type\" content=\"article\" \/>\n<meta property=\"og:title\" content=\"DESAYUNO PREMIUM - Pasteler\u00eda Atuel Empresas\" \/>\n<meta property=\"og:description\" content=\"Nuestro desayuno Premium, una selecci\u00f3n de nuestros mejores productos en su oficina. Deliciosa combinaci\u00f3n de productos dulces y salados para que su catering de empresa sea un \u00e9xito. Incluye medialunas rellenas, s\u00e1ndwiches de miga, pastas de t\u00e9 y una delicatessen dulce. Todo ello acompa\u00f1ado por caf\u00e9, leche y zumo de primera calidad. Medialunas rellenas: de [&hellip;]\" \/>\n<meta property=\"og:url\" content=\"https:\/\/www.atuelpasteleria.com\/empresas\/producto\/desayuno-premium\/\" \/>\n<meta property=\"og:site_name\" content=\"Pasteler\u00eda Atuel Empresas\" \/>\n<meta property=\"article:modified_time\" content=\"2024-10-22T10:10:31+00:00\" \/>\n<meta property=\"og:image\" content=\"https:\/\/www.atuelpasteleria.com\/empresas\/wp-content\/uploads\/2020\/03\/desayuno-premium-main-m.jpg\" \/>\n\t<meta property=\"og:image:width\" content=\"1920\" \/>\n\t<meta property=\"og:image:height\" content=\"1280\" \/>\n\t<meta property=\"og:image:type\" content=\"image\/jpeg\" \/>\n<meta name=\"twitter:card\" content=\"summary_large_image\" \/>\n<meta name=\"twitter:label1\" content=\"Tiempo de lectura\" \/>\n\t<meta name=\"twitter:data1\" content=\"1 minuto\" \/>\n<script type=\"application\/ld+json\" class=\"yoast-schema-graph\">{\"@context\":\"https:\/\/schema.org\",\"@graph\":[{\"@type\":\"WebPage\",\"@id\":\"https:\/\/www.atuelpasteleria.com\/empresas\/producto\/desayuno-premium\/\",\"url\":\"https:\/\/www.atuelpasteleria.com\/empresas\/producto\/desayuno-premium\/\",\"name\":\"DESAYUNO PREMIUM - Pasteler\u00eda Atuel Empresas\",\"isPartOf\":{\"@id\":\"https:\/\/www.atuelpasteleria.com\/empresas\/#website\"},\"datePublished\":\"2020-03-14T20:49:58+00:00\",\"dateModified\":\"2024-10-22T10:10:31+00:00\",\"breadcrumb\":{\"@id\":\"https:\/\/www.atuelpasteleria.com\/empresas\/producto\/desayuno-premium\/#breadcrumb\"},\"inLanguage\":\"es\",\"potentialAction\":[{\"@type\":\"ReadAction\",\"target\":[\"https:\/\/www.atuelpasteleria.com\/empresas\/producto\/desayuno-premium\/\"]}]},{\"@type\":\"BreadcrumbList\",\"@id\":\"https:\/\/www.atuelpasteleria.com\/empresas\/producto\/desayuno-premium\/#breadcrumb\",\"itemListElement\":[{\"@type\":\"ListItem\",\"position\":1,\"name\":\"Portada\",\"item\":\"https:\/\/www.atuelpasteleria.com\/empresas\/\"},{\"@type\":\"ListItem\",\"position\":2,\"name\":\"Tienda\",\"item\":\"https:\/\/www.atuelpasteleria.com\/empresas\/tienda\/\"},{\"@type\":\"ListItem\",\"position\":3,\"name\":\"DESAYUNO PREMIUM\"}]},{\"@type\":\"WebSite\",\"@id\":\"https:\/\/www.atuelpasteleria.com\/empresas\/#website\",\"url\":\"https:\/\/www.atuelpasteleria.com\/empresas\/\",\"name\":\"Pasteler\u00eda Atuel Empresas\",\"description\":\"\",\"potentialAction\":[{\"@type\":\"SearchAction\",\"target\":{\"@type\":\"EntryPoint\",\"urlTemplate\":\"https:\/\/www.atuelpasteleria.com\/empresas\/?s={search_term_string}\"},\"query-input\":\"required name=search_term_string\"}],\"inLanguage\":\"es\"}]}<\/script>\n<!-- \/ Yoast SEO plugin. -->","yoast_head_json":{"title":"DESAYUNO PREMIUM - Pasteler\u00eda Atuel Empresas","robots":{"index":"index","follow":"follow","max-snippet":"max-snippet:-1","max-image-preview":"max-image-preview:large","max-video-preview":"max-video-preview:-1"},"canonical":"https:\/\/www.atuelpasteleria.com\/empresas\/producto\/desayuno-premium\/","og_locale":"es_ES","og_type":"article","og_title":"DESAYUNO PREMIUM - Pasteler\u00eda Atuel Empresas","og_description":"Nuestro desayuno Premium, una selecci\u00f3n de nuestros mejores productos en su oficina. Deliciosa combinaci\u00f3n de productos dulces y salados para que su catering de empresa sea un \u00e9xito. Incluye medialunas rellenas, s\u00e1ndwiches de miga, pastas de t\u00e9 y una delicatessen dulce. Todo ello acompa\u00f1ado por caf\u00e9, leche y zumo de primera calidad. Medialunas rellenas: de [&hellip;]","og_url":"https:\/\/www.atuelpasteleria.com\/empresas\/producto\/desayuno-premium\/","og_site_name":"Pasteler\u00eda Atuel Empresas","article_modified_time":"2024-10-22T10:10:31+00:00","og_image":[{"width":1920,"height":1280,"url":"https:\/\/www.atuelpasteleria.com\/empresas\/wp-content\/uploads\/2020\/03\/desayuno-premium-main-m.jpg","type":"image\/jpeg"}],"twitter_card":"summary_large_image","twitter_misc":{"Tiempo de lectura":"1 minuto"},"schema":{"@context":"https:\/\/schema.org","@graph":[{"@type":"WebPage","@id":"https:\/\/www.atuelpasteleria.com\/empresas\/producto\/desayuno-premium\/","url":"https:\/\/www.atuelpasteleria.com\/empresas\/producto\/desayuno-premium\/","name":"DESAYUNO PREMIUM - Pasteler\u00eda Atuel Empresas","isPartOf":{"@id":"https:\/\/www.atuelpasteleria.com\/empresas\/#website"},"datePublished":"2020-03-14T20:49:58+00:00","dateModified":"2024-10-22T10:10:31+00:00","breadcrumb":{"@id":"https:\/\/www.atuelpasteleria.com\/empresas\/producto\/desayuno-premium\/#breadcrumb"},"inLanguage":"es","potentialAction":[{"@type":"ReadAction","target":["https:\/\/www.atuelpasteleria.com\/empresas\/producto\/desayuno-premium\/"]}]},{"@type":"BreadcrumbList","@id":"https:\/\/www.atuelpasteleria.com\/empresas\/producto\/desayuno-premium\/#breadcrumb","itemListElement":[{"@type":"ListItem","position":1,"name":"Portada","item":"https:\/\/www.atuelpasteleria.com\/empresas\/"},{"@type":"ListItem","position":2,"name":"Tienda","item":"https:\/\/www.atuelpasteleria.com\/empresas\/tienda\/"},{"@type":"ListItem","position":3,"name":"DESAYUNO PREMIUM"}]},{"@type":"WebSite","@id":"https:\/\/www.atuelpasteleria.com\/empresas\/#website","url":"https:\/\/www.atuelpasteleria.com\/empresas\/","name":"Pasteler\u00eda Atuel Empresas","description":"","potentialAction":[{"@type":"SearchAction","target":{"@type":"EntryPoint","urlTemplate":"https:\/\/www.atuelpasteleria.com\/empresas\/?s={search_term_string}"},"query-input":"required name=search_term_string"}],"inLanguage":"es"}]}},"_links":{"self":[{"href":"https:\/\/www.atuelpasteleria.com\/empresas\/wp-json\/wp\/v2\/product\/341"}],"collection":[{"href":"https:\/\/www.atuelpasteleria.com\/empresas\/wp-json\/wp\/v2\/product"}],"about":[{"href":"https:\/\/www.atuelpasteleria.com\/empresas\/wp-json\/wp\/v2\/types\/product"}],"wp:featuredmedia":[{"embeddable":true,"href":"https:\/\/www.atuelpasteleria.com\/empresas\/wp-json\/wp\/v2\/media\/919"}],"wp:attachment":[{"href":"https:\/\/www.atuelpasteleria.com\/empresas\/wp-json\/wp\/v2\/media?parent=341"}],"wp:term":[{"taxonomy":"product_cat","embeddable":true,"href":"https:\/\/www.atuelpasteleria.com\/empresas\/wp-json\/wp\/v2\/product_cat?post=341"},{"taxonomy":"product_tag","embeddable":true,"href":"https:\/\/www.atuelpasteleria.com\/empresas\/wp-json\/wp\/v2\/product_tag?post=341"}],"curies":[{"name":"wp","href":"https:\/\/api.w.org\/{rel}","templated":true}]}}

<p>Nuestro desayuno Premium, una selección de nuestros mejores productos en su oficina. Deliciosa combinación de productos dulces y salados para que su catering de empresa sea un éxito. Incluye medialunas rellenas, sándwiches de miga, pastas de té y una delicatessen dulce. Todo ello acompañado por café, leche y zumo de primera calidad.</p>
<p>Medialunas rellenas: de jamón york y queso.</p>
<p>Sándwiches de miga (sabores surtidos): ternera y queso / jamón serrano y tomate / pavo y queso / pavo y tomate / queso, huevo y atún.</p>
<p>Medio kilo de Pastas de té.</p>
<p>Medio kilo surtido Delicatessen dulce.</p>
<p>Café, leche y zumo.</p>
<p><b>Pedido mínimo: 10 comensales</b></p>

<p>Nuestro desayuno Premium, una selección de nuestros mejores productos en su oficina. Deliciosa combinación de productos dulces y salados para que su catering de empresa sea un éxito. Incluye medialunas rellenas, sándwiches de miga, pastas de té y una delicatessen dulce. Todo ello acompañado por café, leche y zumo de primera calidad. Medialunas rellenas: de [&hellip;]</p>

<!-- This site is optimized with the Yoast SEO plugin v20.0 - https://yoast.com/wordpress/plugins/seo/ -->
<title>DESAYUNO PREMIUM - Pastelería Atuel Empresas</title>
<meta name="robots" content="index, follow, max-snippet:-1, max-image-preview:large, max-video-preview:-1" />
<link rel="canonical" href="https://www.atuelpasteleria.com/empresas/producto/desayuno-premium/" />
<meta property="og:locale" content="es_ES" />
<meta property="og:type" content="article" />
<meta property="og:title" content="DESAYUNO PREMIUM - Pastelería Atuel Empresas" />
<meta property="og:description" content="Nuestro desayuno Premium, una selección de nuestros mejores productos en su oficina. Deliciosa combinación de productos dulces y salados para que su catering de empresa sea un éxito. Incluye medialunas rellenas, sándwiches de miga, pastas de té y una delicatessen dulce. Todo ello acompañado por café, leche y zumo de primera calidad. Medialunas rellenas: de [&hellip;]" />
<meta property="og:url" content="https://www.atuelpasteleria.com/empresas/producto/desayuno-premium/" />
<meta property="og:site_name" content="Pastelería Atuel Empresas" />
<meta property="article:modified_time" content="2024-10-22T10:10:31+00:00" />
<meta property="og:image" content="https://www.atuelpasteleria.com/empresas/wp-content/uploads/2020/03/desayuno-premium-main-m.jpg" />
	<meta property="og:image:width" content="1920" />
	<meta property="og:image:height" content="1280" />
	<meta property="og:image:type" content="image/jpeg" />
<meta name="twitter:card" content="summary_large_image" />
<meta name="twitter:label1" content="Tiempo de lectura" />
	<meta name="twitter:data1" content="1 minuto" />
<script type="application/ld+json" class="yoast-schema-graph">{"@context":"https://schema.org","@graph":[{"@type":"WebPage","@id":"https://www.atuelpasteleria.com/empresas/producto/desayuno-premium/","url":"https://www.atuelpasteleria.com/empresas/producto/desayuno-premium/","name":"DESAYUNO PREMIUM - Pastelería Atuel Empresas","isPartOf":{"@id":"https://www.atuelpasteleria.com/empresas/#website"},"datePublished":"2020-03-14T20:49:58+00:00","dateModified":"2024-10-22T10:10:31+00:00","breadcrumb":{"@id":"https://www.atuelpasteleria.com/empresas/producto/desayuno-premium/#breadcrumb"},"inLanguage":"es","potentialAction":[{"@type":"ReadAction","target":["https://www.atuelpasteleria.com/empresas/producto/desayuno-premium/"]}]},{"@type":"BreadcrumbList","@id":"https://www.atuelpasteleria.com/empresas/producto/desayuno-premium/#breadcrumb","itemListElement":[{"@type":"ListItem","position":1,"name":"Portada","item":"https://www.atuelpasteleria.com/empresas/"},{"@type":"ListItem","position":2,"name":"Tienda","item":"https://www.atuelpasteleria.com/empresas/tienda/"},{"@type":"ListItem","position":3,"name":"DESAYUNO PREMIUM"}]},{"@type":"WebSite","@id":"https://www.atuelpasteleria.com/empresas/#website","url":"https://www.atuelpasteleria.com/empresas/","name":"Pastelería Atuel Empresas","description":"","potentialAction":[{"@type":"SearchAction","target":{"@type":"EntryPoint","urlTemplate":"https://www.atuelpasteleria.com/empresas/?s={search_term_string}"},"query-input":"required name=search_term_string"}],"inLanguage":"es"}]}</script>
<!-- / Yoast SEO plugin. -->

DESAYUNO PREMIUM - Pastelería Atuel Empresas

Nuestro desayuno Premium, una selección de nuestros mejores productos en su oficina. Deliciosa combinación de productos dulces y salados para que su catering de empresa sea un éxito. Incluye medialunas rellenas, sándwiches de miga, pastas de té y una delicatessen dulce. Todo ello acompañado por café, leche y zumo de primera calidad. Medialunas rellenas: de [&hellip;]

Pastelería Atuel Empresas
